*w + d = 0. Determine q(b).
-2
Let q(y) be the third derivative of 0 - y**2 - 2/3*y**3 - 1/3*y**4 - 20*y - 1/60*y**5. Determine q(-8).
-4
Suppose 3*c + 2 = -4. Let s(b) = -5*b**2 - 4*b + 7. Let x(r) = 11*r**2 + 9*r - 17. Let k(y) = -5*s(y) - 2*x(y). Calculate k(c).
7
Let r(h) = -h**2 - 6*h + 1. Let w(m) = -m**2 - 27*m + 89. Let u be w(-30). Let v(i) = 1. Let y(a) = u*r(a) - 3*v(a). Calculate y(-6).
-4
Let o(f) = -f**3 + 18*f**2 - 32*f + 6. Let k(g) = 295*g - 11489. Let m be k(39). Determine o(m).
6
Let f(h) be the first derivative of h**4/6 + h**3/2 + h**2 + 60*h - 77. Let r(p) be the first derivative of f(p). What is r(-4)?
22
Let d = 31 + -30. Let f be d - (-117)/(-17) - (-12)/(-102). Let y(c) = 2*c**2 + 2*c + 5. Let r(v) = -1. Let n(j) = f*r(j) - y(j). Determine n(-2).
-3
Let p(n) be the first derivative of 9*n**3 + 0*n**2 + 0*n + 0*n**4 + 0*n**5 - 43 + 1/30*n**6. Let a(i) be the third derivative of p(i). Determine a(-1).
12
Let i(w) = -w**2 - 13*w - 8. Let u(g) = 2*g**2 - 70*g + 289. Let t be u(30). Determine i(t).
14
Suppose -40 = -5*k + 39 - 154. Let p(h) = h**3 + 15*h**2 + 3*h - 21. Determine p(k).
-66
Suppose 5*x + 11 = -4. Let p = 2 - x. Let v(u) = -14*u - 5. Let f(a) = 40*a + 14. Let j(r) = -6*f(r) - 17*v(r). Determine j(p).
-9
Suppose -96*z = 46*z + 19*z + 2254. Let o(m) = 2*m**2 + 28*m + 33. Give o(z).
33
Suppose -d = -4*d - 15. Let t(l) = 25*l**3 + 3*l**2 - 13*l + 111. Let g(o) = -72*o**3 - 9*o**2 + 39*o - 318. Let q(b) = 8*g(b) + 23*t(b). Calculate q(d).
-6
Let y(g) = 12*g - 2. Suppose 3*i - 1 = 5*q + 2*i, 0 = -5*q - i + 1. Let h(j) = q*j - 6*j + 3 - 18*j + j. Let p(v) = 3*h(v) + 5*y(v). Calculate p(1).
-10
Let n(y) be the third derivative of y**6/120 + 3*y**5/20 - 5*y**4/12 + 16*y**2 + y. Suppose 57*a - 4*a + 530 = 0. What is n(a)?
0
Let r be 48*11/220*(2 + 3/6). Let m(y) = -y**3 + 6*y**2 + y - 5. Calculate m(r).
1
Let g(x) = 19*x**2 - 21*x + 143. Let k be g(9). Suppose -1513 = 4*p - k. Let w(f) = -f - 2. What is w(p)?
3
Let n(z) = -z**3 + 6*z**2 - 3*z. Let m(y) = -3*y + 0*y - 3 - y**3 - 38*y**2 - 4 + 31*y**2. Let o be m(-7). Suppose 2*f - v = -0*f, -f - 3*v = -o. What is n(f)?
10
Let l be ((-116)/(-348)*24/(-5))/((-2)/30). Let x(t) = 4*t - 106. Give x(l).
-10
Let u(v) = -2*v + 3. Let d(g) = 3*g + 1. Let m(n) = 2*d(n) - u(n). Let p(i) = -i + 3. Let b(r) = -m(r) - 2*p(r). Determine b(-4).
19
Suppose 83*o - 1315 = -670 - 728. Let j(f) be the first derivative of -13*f**3/3 + f**2 + f + 1. Calculate j(o).
-14
Suppose m = 0, 5*q - 5 = 67*m - 70*m. Let k(y) = 33*y**2 - 6*y + 5. Calculate k(q).
32
Let z = -1516 + 1525. Let s(d) be the first derivative of -d**3/3 + 9*d**2/2 + d - 27. Determine s(z).
1
Let f(c) = c**3 + c**2 + c - 13. Let w be 324/90 + (6/(-10) - -1). Let n be (w/(-13))/(-2) - 174/1131. What is f(n)?
-13
Suppose 1 + 2 = g + 8. Let t(o) be the first derivative of 2*o**3/3 + 5*o**2/2 - 7*o - 46. Calculate t(g).
18
Suppose -31 = 17*m - 35*m + 401. Let k(h) = 6*h - 152. Determine k(m).
-8
Let w = -8021 + 8013. Let s(q) = -11*q - 99. Calculate s(w).
-11
Let v be 2/14 - (-132)/(-42). Let h(b) = -b**2 - 4*b - 5. Calculate h(v).
-2
Let z(d) be the second derivative of d**4/12 - 11*d**3/6 - 29*d**2/2 - 2*d - 322. What is z(12)?
-17
Let i(j) = -36*j**2 - 1317 - j**3 + 11*j + 1310 + 60*j + 46*j. What is i(-39)?
-7
Let v be (5/15)/((-1)/(-12)). Let q(r) = -5 - r**3 - v*r**2 + 8*r**2 - 8*r + 6*r. Suppose 29*b - 68 = 12*b. Calculate q(b).
-13
Let b(n) = 3*n**2 - 12*n + 20. Let w = 3466 - 3462. What is b(w)?
20
Let g(a) be the first derivative of -16*a**2 + 41*a + 94. Let o be g(1). Let t(u) = u**3 - 8*u**2 - 10*u - 5. Determine t(o).
-14
Let p(b) = -56*b - 2. Suppose 0 = -5*s + 72*f - 75*f + 11, -f = -2*s. What is p(s)?
-58
Suppose 0 = -8*k + 3*k + 5. Let l(m) = 14*m - 78. Let g(z) = -66*z + 363. Let j(c) = 26*g(c) + 121*l(c). Calculate j(k).
-22
Suppose -4*o - 5*n = -19, -5*o + 50*n = 49*n - 2. Let d(l) = -73*l**3 - 2*l + 1. What is d(o)?
-74
Let g(t) = 5*t - 2*t**3 + 1427*t**2 + 1 - 741*t**2 - 684*t**2. Calculate g(-1).
0
Let r(w) = 3*w**3 + w**2 + 58*w + 7. Let p(j) = -13*j**3 - 5*j**2 - 234*j - 27. Let c(l) = -4*p(l) - 17*r(l). What is c(6)?
13
Let t = -166 - -147. Let z(n) = 2*n + 34. Determine z(t).
-4
Suppose -131 - 857 = -76*x. Let g(k) = 2*k**2 - 24*k - 32. Give g(x).
-6
Let s(m) = 15*m**2 - 60*m - 63. Let f(c) = 12*c**2 - 38*c - 61. Let k(n) = -4*f(n) + 3*s(n). Determine k(-11).
0
Let a(d) be the second derivative of -2 - 1/2*d**3 + 1/4*d**4 - 1/10*d**5 + 3/2*d**2 + 20*d. Calculate a(2).
-7
Let v(u) = 4*u - 11. Let b(a) = -40*a - 6 - 22*a - 6 - a**2 - 4 + 82*a. Let z be b(19). What is v(z)?
1
Suppose 5*l - 4*c + 7*c + 6 = 0, 0 = -2*l - 13*c - 85. Let b(t) be the third derivative of 1/8*t**4 - 1/6*t**l + 0*t + 0 - 6*t**2. Give b(-1).
-4
Let s(x) = -x**3 + 4*x**2 - x - 2. Let g(n) = 1. Let h(k) = -6. Let d(i) = -11*g(i) - 2*h(i). Let f(y) = 2*d(y) + s(y). What is f(4)?
-4
Let h(s) = 3*s. Let t be h(-1). Let w = -103 + 109. Let o(y) = -4 - y**2 - y**3 - 3*y**2 + w*y + 0*y - 9*y. What is o(t)?
-4
Let n(s) = -19*s**2 - 2*s + 14. Let f(j) = -9*j**2 - j - 2. Let o(v) = 2*f(v) - n(v). Determine o(4).
-2
Let m(f) = f + 6. Let o(q) = -3*q**3 + 6*q**2 - q - 4. Let l = -8 + 10. Let c be o(l). Let g be (-4 - (-2 - 2)) + 0 + c. Determine m(g).
0
Let y(o) = o - 9. Let d be (2/4)/(3/54). Let r be y(d). Let v(a) = -a - a + r*a + a - 1 + 2*a**2 + a**3. Determine v(-2).
1
Let i(j) = -j**3 - 2*j**2 + 2*j - 8. Suppose -809*n + 811*n = -6. Determine i(n).
-5
Let t(c) be the first derivative of 7*c**2/2 - 3*c + 1280. What is t(3)?
18
Let g be -8 + ((-1)/(-2))/(9/36). Let f(s) be the third derivative of s**6/120 + s**5/10 + s**4/24 - 7*s**3/6 - 3*s**2 - 6*s. What is f(g)?
-13
Let h(q) = 101 + 1862*q + 1852*q - 3708*q - 283. Calculate h(30).
-2
Let m(h) = h**2 - 10 + h + 7*h + 18. Let r = 185 + -111. Let l = 68 - r. Give m(l).
-4
Suppose -3*z - m - 26 = -0*z, -5*m = 25. Let g(u) = -8*u**2 + 2*u**3 - 3*u**3 - 223 - 5*u + 78 + 69 + 85. What is g(z)?
-5
Let p(m) = 6*m**2 + 13*m + 4. Let c(k) = -k**2 - k. Let b(i) = -5*c(i) - p(i). Let u(r) = 16*r + 27. Let z be u(-2). Calculate b(z).
11
Let m(h) = -h + 2*h + 62 - 2*h - 118 - 6*h. What is m(-6)?
-14
Let z(h) = 53 + 43 + 46 + 2*h**2 - 135 + 8*h. Determine z(-5).
17
Suppose 179 = 54*q - 36 - 1. Let n(f) = 14*f - 8. What is n(q)?
48
Let p(t) = -34*t + 24*t + 225 + 13*t - 223. Suppose -2 = g - 12. Let s = g - 14. Give p(s).
-10
Let m(x) = -57*x**3 - 13*x**2 + 43*x + 8. Let i(u) = 76*u**3 + 18*u**2 - 59*u - 11. Let a(b) = 8*i(b) + 11*m(b). Determine a(-1).
19
Let w(o) be the third derivative of 1/120*o**6 + 1/5*o**5 + 36*o**2 + 1 + 0*o - 1/2*o**4 + 2/3*o**3. Determine w(-13).
-9
Let p(o) be the third derivative of o**9/15120 + o**8/5040 + o**7/2520 - o**6/360 - 19*o**5/15 + 130*o**2. Let l(w) be the third derivative of p(w). Give l(-2).
-22
Suppose 40*o + 2 - 42 = 0. Let k(h) = h**2 - 1 + 8 - 9*h - 8*h + 10*h - o. Let c(x) = x + 5. Let a be c(0). Give k(a).
-4
Let y be 41/(-8) + (-4)/40*5/(-4). Let v(u) = -9*u - 57. What is v(y)?
-12
Suppose -1961 = -129*c - 671. Let b(u) be the third derivative of -u**6/120 + 11*u**5/60 - u**4/3 - 7*u**3/3 + u**2. Give b(c).
6
Let j(x) = 3*x**3 + 14*x**2 + 19*x + 47. Let s be j(-4). Let t(m) be the first derivative of 1/4*m**4 - 15 + 3*m - 5/2*m**2 - m**s. What is t(4)?
-1
Let h(n) be the first derivative of -n**2 + 3*n - 13201. Let x = -1 + 3. Calculate h(x).
-1
Let r(d) = -d**3 - 5*d**2 + 5*d - 5. Let b(x) = -x**2 + x - 1. Let v be b(0). Let g be (-3938)/66 + (-1)/3. Let n be v/(-5*2/g). Determine r(n).
1
Let o be (6/(-4))/(18/(-60)). Suppose -5*h - 10 = 0, 4*x - 10 = h + 4. Suppose 3*l + 12 = -x, o*i + 25 = -2*l. Let j(g) = -4*g - 1. What is j(i)?
11
Suppose 12420*y = 12431*y + 132. Let r(k) be the second derivative of -k**4/12 - 13*k**3/6 - 6*k**2 - 24*k. What is r(y)?
0
Let d(x) = x**2 - 8*x + 9. Let m = -169 + 172. Let y(i) = i + 4. Let a be y(m). Determine d(a).
2
Suppose -34*o + 5*o + 549 + 118 = 0. Let q(x) be the second derivative of 2*x**2 - 1/20*x**5 - 2/3*x**3 + 0 + o*x + 1/3*x**4. What is q(3)?
1
Let a(m) = -m - 3. Let n(q) = -2. Let r(f) = 2*a(f) + 2*n(f). Let k be (17310/45)/(4/(-6)) + 1. Let b = 569 + k. Give r(b).
4
Let i(g) = 9*g + 7. Let z(w) = 11*w